prime factors of (q/25)/((-2)/(-5))?
3
Let h(k) = -k**2 - 7*k + 3. What are the prime factors of h(-7)?
3
Suppose 2*j - 5 = -1. Suppose -m + u = 12, m + 24 = 2*u + j*u. List the prime factors of (-5 - m)*10/6.
5
Let v = -52 + 89. Suppose -v = -4*r + 43. List the prime factors of r.
2, 5
Suppose 4*u - 63 = 5. List the prime factors of u.
17
Let s(j) = -j + 11. Let t be s(6). Let p = 20 - t. What are the prime factors of p?
3, 5
Let t(w) = -w**3 - 3*w**2 + 2*w + 6. List the prime factors of t(-5).
2, 23
Suppose 4*v = 21 + 15. Suppose -16 = -t - 3*r, 0 = 3*t - r - 9 - v. Suppose 1 = m - t. What are the prime factors of m?
2
Let d be (-2*(3 - 0))/(-2). Suppose -d = 3*r - 27. Suppose 0 = 2*y - r, -b - 2*y + 19 = 2*y. What are the prime factors of b?
3
List the prime factors of 2/(-5) - (-2 - (-548)/(-20)).
29
Let n = 44 - -46. Suppose -3*u = -8*u + n. List the prime factors of u.
2, 3
Let l(v) = 7*v + 1. Let q be l(-1). Let g = -4 - q. Suppose 5*a - 7 = -h, -g*h + 3*a + 6 + 21 = 0. List the prime factors of h.
2, 3
Let u(r) = 3*r + 20. What are the prime factors of u(32)?
2, 29
Let m = 20 + -2. Suppose 0 = -3*c + j + m, 0 = -3*c - c + 2*j + 26. What are the prime factors of c?
5
Suppose 5*o - 14 - 16 = 0. Let g = -1 + o. Suppose -g*m = -m - 28. What are the prime factors of m?
7
Let s = 45 + -31. Suppose -s + 40 = v. Suppose -4*i = v - 66. What are the prime factors of i?
2, 5
Let h = 66 - 17. What are the prime factors of h?
7
Suppose -f = -2*s + 3*f + 24, -4*s - 3*f = -4. What are the prime factors of s?
2
Suppose -f + 12 = f. Suppose 0 = -2*j - f, 4*j - j - 1 = 5*p. List the prime factors of 1 + -4 + (-44)/p.
19
Let q = 0 - 3. What are the prime factors of ((-3 - q) + -1)*-7?
7
Let o(d) = -d**2 - 13*d - 14. Let a(w) = -w**2 - w + 2. Let t be a(3). What are the prime factors of o(t)?
2
Let g = 8 - 0. Let f = 15 - g. List the prime factors of f.
7
Suppose 2*m - 8 = -3*v, 0*m = 3*m - 12. Suppose -3*a = w - 113, v = -5*a + 3*w + 88 + 119. List the prime factors of a.
3, 13
Let c(f) = -2*f + 2. Let p be c(6). List the prime factors of (-172)/p - (-4)/(-20).
17
Suppose 0 = 62*t - 58*t - 792. List the prime factors of t.
2, 3, 11
Suppose 0 = x + 5*t + 1, 8 = -2*x - 3*t + 27. List the prime factors of x.
2, 7
Let r(s) = -s**2 + 11*s + 3. Let k be r(10). Let p = -6 + k. What are the prime factors of p?
7
Suppose 6 = -2*u - 2*b + 22, 2*u - 3*b = 1. List the prime factors of u.
5
Suppose 6*u - 249 = -69. List the prime factors of u.
2, 3, 5
Let b(g) = g**2 - 5*g - 4. Let v be b(5). Let i be 58/5 - v/10. Suppose -k = 4 - i. List the prime factors of k.
2
Suppose 7*w - 15 = 2*w. Suppose -w*n - 37 = -f - 4*n, 0 = 2*f + n - 71. List the prime factors of f.
2, 17
Let w(h) be the second derivative of h**4/12 - h**3/2 - 5*h**2/2 - h. Suppose x = -0*x + 6. What are the prime factors of w(x)?
13
Suppose -4 = -n + 5. Let j = n - 5. Suppose j*k - 7 = 17. List the prime factors of k.
2, 3
Let a = 16 + 12. What are the prime factors of a?
2, 7
Suppose 168 = 22*x - 20*x. What are the prime factors of x?
2, 3, 7
Let g = -3 + 3. Suppose g = 5*u - y - 53, 2*u + 2*y + 40 = 6*u. What are the prime factors of u?
11
Suppose -3*j + 11 = -4*o, -2*j + 7*o - 3*o + 2 = 0. List the prime factors of ((-3)/j)/(3/(-36)).
2
Let k(m) = m**3 + 5*m**2 + 2*m + 12. List the prime factors of k(-5).
2
Let v = 10 - 5. Let l = v + -1. List the prime factors of l.
2
Let v = 30 - -8. What are the prime factors of v?
2, 19
Let t(y) = y**3 + 7*y**2 + 8*y + 5. Let j be t(-5). Suppose -j = -m + 7. What are the prime factors of m?
2, 11
Let i = 156 - -19. What are the prime factors of i?
5, 7
Let w(a) be the first derivative of -a**2/2 + 9*a + 2. List the prime factors of w(-7).
2
Suppose 3*f = 2*f - 29. Let d = -17 - f. What are the prime factors of d?
2, 3
List the prime factors of (-3 + (-15)/(-10))/(2/(-236)).
3, 59
Suppose 12*i - 247 - 2681 = 0. List the prime factors of i.
2, 61
Let p = 696 + -455. What are the prime factors of p?
241
Suppose 0 = w + 4*w - 160. What are the prime factors of w?
2
Suppose -a = -0*a + 3. Let l(v) = 2*v**2 - 2 - 5 + 6 + 4*v. What are the prime factors of l(a)?
5
Suppose -6*d + 244 = -2*d + 5*t, 0 = -5*d - t + 284. List the prime factors of d.
2, 7
List the prime factors of 1*(-3 - -2)*-37.
37
Suppose 0 = 2*b - 2*x - 30 + 2, 2*b = -4*x + 28. What are the prime factors of b?
2, 7
Let a = -46 - -159. What are the prime factors of a?
113
Suppose 72 - 237 = -5*q. What are the prime factors of q?
3, 11
Let k be 0 + -3 + 2*25. Let z = k + -26. Let y = z - 2. What are the prime factors of y?
19
Let m(x) = x**3 - x**2 - 4*x + 8. List the prime factors of m(4).
2, 5
Let y(t) = -8*t**2 + t**3 - 7*t - 3*t + 13 - 4. Let j be y(9). Suppose j = -q - 4*p + 28, 4*q + p = 5*p + 52. What are the prime factors of q?
2
Let d(u) = -3*u - 4. Let x be d(-5). Let j = x + -21. List the prime factors of ((-8)/j)/((-1)/(-5)).
2
Let j(d) = 0*d**3 - 15 + 6 + d**3 - 9*d**2 + 2*d + 0*d**3. Suppose 0 = 4*o - 3*v - 42, -7 - 27 = -4*o - v. What are the prime factors of j(o)?
3
Suppose 33 = z + 10. List the prime factors of z.
23
Let u(z) be the first derivative of z**4/4 - 7*z**3/3 + 3*z**2 + 4*z + 1. What are the prime factors of u(6)?
2
Suppose -2*u = u + 78. Let y = -18 - u. What are the prime factors of y?
2
Let m(i) be the second derivative of i**4/4 + i**3/6 - i**2 + 3*i. Let f be m(2). Suppose -5*a + 4 = k - 2, 4*a + f = 2*k. List the prime factors of k.
2, 3
Let u(n) be the first derivative of n**4/2 + 4*n**3/3 + n**2 - 2*n - 3. Let j be u(-3). Let c = -8 - j. What are the prime factors of c?
2, 3
Suppose -2*q + 178 = -0*q + 2*x, 380 = 4*q - 2*x. Suppose -3*a + 2*o + 68 = 0, 5*o = 4*a - 7 - q. What are the prime factors of a?
2, 5
Let g = -67 + 109. Suppose 0 = -4*w + 18 + g. List the prime factors of w.
3, 5
Suppose -5*s = -n + 2, -3*n = -2*s + n - 8. Suppose -6*a + 2*a + 80 = s. Let i = -5 + a. What are the prime factors of i?
3, 5
Let p(a) = -a**2 + 18*a + 25. What are the prime factors of p(16)?
3, 19
Let m be 1/((-5)/(-3) - 2). Let c = -3 - m. List the prime factors of 0 + (c/(-3) - -6).
2, 3
Suppose 2*r + 8 = -0*r, -5*s + 2*r = -308. What are the prime factors of s?
2, 3, 5
What are the prime factors of (-10114)/(-65) - (-2 + 13/5)?
5, 31
Let n = 1 - -2. Let q be 1/((-3)/(-66)) + n. What are the prime factors of 2*(q/2)/5?
5
What are the prime factors of 436*(9/(-2))/(-9)?
2, 109
Let n(f) be the first derivative of f**3/3 + 4*f**2 + 9*f - 1. Let y be n(-7). List the prime factors of y*((-15)/(-2) - 2).
11
Let y(n) = n**2 - 1. Let d be y(2). Let g be 26/6 + 4/6. Let a = g + d. What are the prime factors of a?
2
Let i = 204 - 137. List the prime factors of i.
67
Let y = -5 + 5. Let u(t) = -t + 17. List the prime factors of u(y).
17
Suppose -5*a + 436 = -3*j, 448 = 5*a + 3*j - 2*j. Let y = a + -60. What are the prime factors of y?
29
Let t(m) = -m**3 + 4*m**2 + 7*m - 3. Let z be t(5). Let q = -3 + z. List the prime factors of q.
2
Let i(p) = p + 40. What are the prime factors of i(0)?
2, 5
Let u(c) = -2*c**2 - 17*c + 0*c**2 + 4*c + 2 + c. Let i(s) = -3*s**2 - 13*s + 2. Let l(a) = 3*i(a) - 4*u(a). What are the prime factors of l(8)?
2, 3
Let w = 7 + -7. Suppose w = -4*c - 5*l + 22, -2*c + 8 = l - 0*l. Suppose -c*i + 39 + 3 = 5*h, i + 4*h = 21. What are the prime factors of i?
3
Suppose 0 = -3*b + 12, -2*f = b - 4*b - 60. What are the prime factors of f?
2, 3
Suppose -u = -4*u + 189. What are the prime factors of u?
3, 7
Suppose v + 3*v - 28 = 0. Let x be (-6)/21 + 58/v. List the prime factors of 82/x - 1/4.
2, 5
Suppose -22 = w - 6. Let y = -10 - w. What are the prime factors of y?
2, 3
Suppose -o = 4 - 103. What are the prime factors of o?
3, 11
Let k = 73 + 46. Let d = k - 82. What are the prime factors of d?
37
Suppose 0 = -4*w - 0*w. Suppose -d = -4*r - 16, -4*d + 13 + 6 = -r. Suppose -3*j + 4*p = 2, 2*p - d = j - w. List the prime factors of j.
2, 3
Suppose -115 + 323 = 4*d. List the prime factors of d.
2, 13
List the prime factors of (-20)/25 + 394/5.
2, 3, 13
Let q be (-20)/(-9) - 6/27. Suppose q*w = -z - z + 42, 5*w - 97 = -3*z. What are the prime factors of w?
17
Suppose -2*d = -d - 4. Let s = d - 2. Suppose 5*h = h + j + 59, -48 = -3*h + s*j. What are the prime factors of h?
2